/u)/((-6)/284)?
71
Suppose 16*k - 17703 = 28457. What are the prime factors of k?
5, 577
Let r = 403 - -432. List the prime factors of r.
5, 167
List the prime factors of (-642)/((-9)/(-81)*-2).
3, 107
Let b(w) = 3*w**2 - 3*w - 12. Let m be b(3). Let c(t) = 6*t**2 - 13*t + 13. List the prime factors of c(m).
151
Let r(g) = -11*g - 22. Let t be r(-10). List the prime factors of 539/t - 2/16.
2, 3
Let j be -4 + 20/5 - -1. List the prime factors of j/((-5)/((-220)/(-12)))*-3.
11
What are the prime factors of 2/(-4) - (-2562)/12?
3, 71
Let x(b) be the second derivative of b**5/10 - b**4/2 + b**3/3 - b**2 - 14*b. List the prime factors of x(4).
2, 19
Suppose -16 = -10*k + 6*k. What are the prime factors of (-22 - 0)*(k + -7)?
2, 3, 11
Suppose -3*l - 4*m = -202, 2*m - 328 = -5*l + 4*m. List the prime factors of l.
2, 3, 11
Let a(m) = m + 1. Let d(q) = -q - 24. Let h(p) = -3*a(p) - d(p). List the prime factors of h(5).
11
Let d be (18/(-4) + 2)*-18. Suppose -58 = -3*j + 5*w, 0*j - 5*j - 2*w + d = 0. List the prime factors of j.
11
Let j = -175 - -352. Let q = j - 43. What are the prime factors of q?
2, 67
Let j be ((-10)/4)/(3/12). Suppose 7*l - 2*d - 30 = 2*l, -4*l - 4*d + 24 = 0. List the prime factors of (-136)/j + l/15.
2, 7
What are the prime factors of (-6)/(-12)*-2*-1729?
7, 13, 19
Let x(j) = 10*j**2 + 146. What are the prime factors of x(0)?
2, 73
Let y(w) = w**3 - 10*w**2 - 3*w - 4. What are the prime factors of y(11)?
2, 3, 7
Suppose 0 = v - 2*r - 9 + 28, 0 = -2*v + 5*r - 36. Let w = v - -104. List the prime factors of w.
3
Let o = 3010 + -2121. What are the prime factors of o?
7, 127
Let g(u) = 207*u**3 + u**2 - u - 1. List the prime factors of g(1).
2, 103
Let c(m) = m - 1. Let o(p) = -p + 72. Let b(y) = -c(y) + o(y). What are the prime factors of b(0)?
73
Suppose -84 = 12*n - 0*n. Let a(y) = -32*y + 8. What are the prime factors of a(n)?
2, 29
Let i(z) = -z + 14. Let q be i(9). Suppose -q = 2*t + 1. List the prime factors of (-21)/t*(4 + -1).
3, 7
Let x(c) = c**3 + 7*c**2 + 7*c + 8. Let a be x(-6). Suppose 0 = -h - a*h + 141. Let y = h + -31. List the prime factors of y.
2
Let n(a) = 16*a + 123. List the prime factors of n(19).
7, 61
Suppose -h + 1 = 0, 6*y - 2*y - h = 199. Suppose q = 3*q - y. Let b = 45 - q. What are the prime factors of b?
2, 5
Let d(v) = -4*v - 8 - 4*v**3 + 12*v**2 - 3*v + 3*v**3 + 2*v. What are the prime factors of d(11)?
2, 29
Let s(q) = -23*q + 58*q**2 + 24*q + 55*q**2. List the prime factors of s(-1).
2, 7
Suppose 22*v - 12964 + 2382 = 0. List the prime factors of v.
13, 37
Suppose -25*q + 23*q = -4*j - 2368, 3*j = 3*q - 3552. List the prime factors of q.
2, 37
Let c(d) = -3*d - 10. Let x be c(-4). Suppose 24 = m + 21. Suppose x = -m*z + 128. List the prime factors of z.
2, 3, 7
Let u = 5743 - 1717. List the prime factors of u.
2, 3, 11, 61
Let u = -251 - -326. List the prime factors of u.
3, 5
Let s be (-4 + 0)/2 + -10. Let l = -43 - s. Let g = 61 + l. List the prime factors of g.
2, 3, 5
Let j be -4 - (-3 - -2) - (1 - 14). Suppose j*z = 7*z + 261. What are the prime factors of z?
3, 29
Let n = -3 - -4. Let l = 13 - n. What are the prime factors of -36*((-52)/l - -3)?
2, 3
Let n(f) = f**3 - 19*f**2 + 36*f - 34. List the prime factors of n(22).
2, 5, 13, 17
Let g(f) = f**2 - f. Let c be g(1). Suppose -4*a + 13*a - 1611 = c. List the prime factors of a.
179
Let p(b) = -b**3 - 4*b**2 - 8*b - 4. Let j(n) = -5*n + 16. Let k be j(4). What are the prime factors of p(k)?
2, 7
Let f(y) = -2*y**2 + 5*y + 3. Let r be f(5). Let b = -20 - r. List the prime factors of ((-19)/(-2))/(1/b).
19
Let r = 2 + 1. Let d be (2 + 8/r)*-6. Let n = 47 + d. What are the prime factors of n?
19
Let n = 7405 - 5126. List the prime factors of n.
43, 53
List the prime factors of 50/(-10)*(2672/(-10) - 1).
3, 149
List the prime factors of (-13212)/8*6/(-9).
3, 367
List the prime factors of ((-35376)/60)/((-4)/10).
2, 11, 67
Let o be (-3 - (-1 - 2))*1. Suppose o = -5*p - b + 479, -5*b + 305 = 5*p - 2*p. Suppose 2*a = 3*q + p, 2*a - 30 = a - 2*q. List the prime factors of a.
2, 5
Let k = -71 + 72. What are the prime factors of (1 - -60)*1/k?
61
Let c(h) = -h + 2. Let j be c(2). Let l be 85/2 - (5 - (-55)/(-10)). Suppose 0 = -g - 5*w + 2*w + l, -4*g - 3*w + 136 = j. List the prime factors of g.
31
Suppose -d = d + 2, 4*u - 5*d = 7529. What are the prime factors of u?
3, 11, 19
Let f(b) be the first derivative of b**3 - 3*b**2/2 - 3*b + 6. Let p be f(3). What are the prime factors of 370/p - (-2)/(-3)?
2, 3
Let n(y) = y - 6. Let p be n(10). Suppose 0*l - 2*v = 3*l - 107, -2*l + 74 = p*v. List the prime factors of l.
5, 7
Let g be ((-11)/4 + (-2)/(-2))*-4. Suppose 183 = g*j - 510. What are the prime factors of j?
3, 11
Let v(x) = -68*x**2 - 2*x + 3. Let z be v(2). Let s = z + 397. What are the prime factors of s?
2, 31
Suppose w = 4*u - 3*w, -u + 8 = 3*w. Suppose -a = -u*a + 45. Suppose 0*p = 3*p - a. What are the prime factors of p?
3, 5
What are the prime factors of (-3 + 60/8)/(81/70254)?
3, 1301
Let i be 8/44 - (-53124)/33. Suppose 0 = -f + 11*f - i. What are the prime factors of f?
7, 23
Let d(a) = a**3 + 19*a**2 - 83*a - 42. What are the prime factors of d(-22)?
2, 83
Suppose -68 = -23*v + 6*v. Suppose -v*n - 14 = s - 187, 4*s = 4*n + 772. List the prime factors of s.
3, 7
Suppose -2*l = 1 - 29. Suppose 4*u + 8 = 0, 3*u - l = -2*w + u. Suppose -w*j = -4*j - 20. What are the prime factors of j?
2
Suppose -2178 = -o - 3*a, o = 4*a - 2*a + 2203. List the prime factors of o.
3, 17, 43
Let c = 511 - -1231. List the prime factors of c.
2, 13, 67
Suppose -215 = -t + 208. Suppose 4*l - 71 = -5*n, l - 14 = -6*n + 4*n. Suppose -l = 7*p - t. What are the prime factors of p?
3, 19
Let t(y) = -y**3 - 44*y**2 + 54*y - 80. What are the prime factors of t(-46)?
2, 3, 139
Suppose -2*g - 4*u - 13 + 1 = 0, 3*g + 3*u + 9 = 0. Suppose 5*b - 5 = g, 36 = -3*n - 3*b + 231. List the prime factors of n.
2
Suppose -2*b - b - 4249 = -5*t, 5*t - 4225 = -5*b. What are the prime factors of t?
2, 53
What are the prime factors of (-188298)/(-946) + (-2)/43?
199
Let v(o) = o**3 + 4*o**2 - 4*o + 8. Let l be v(-5). Suppose l*r - 275 = -5*n, n - 29 = 4*r + 3. List the prime factors of n.
2, 13
Let j(i) = -30*i + 47. List the prime factors of j(-10).
347
Let m(p) = 5*p + 6. Let x(s) = s. Let t(a) = -m(a) + 6*x(a). Let n be t(6). Suppose 6*z = z + 3*o + 135, n = 5*z + 5*o - 175. List the prime factors of z.
2, 3, 5
Let l(t) = 3*t**2 + t + 64. List the prime factors of l(12).
2, 127
Suppose -4*q + 12 = 0, -3*a + 4*q = -1985 + 677. List the prime factors of a.
2, 5, 11
Let p be 1*(-2)/(-4)*(-10)/5. What are the prime factors of 21/7 - (-48 - p)?
2, 5
Suppose 1053 = 3*v + 3*g, -1394 = -2*v - 2*v + g. What are the prime factors of v?
349
Let l = 3 - 0. Suppose -k - 3 = c, 0*c - l*k + 16 = -2*c. Let q = 14 - c. List the prime factors of q.
19
Let t be (12/(3 - 1))/1 + -4. Suppose -t*j + 708 = 4*j. List the prime factors of j.
2, 59
Let j(p) = 4*p**2 - 2*p + 1. Let t be j(2). Let r = 41 - t. What are the prime factors of r?
2, 7
Let c(z) = -2*z + 10. Let b be c(8). Let h be (13 + -19)*b/4. List the prime factors of 4/18 + 160/h.
2, 3
Let n(u) = 122 - 38 - 8*u + 8*u + u**2. What are the prime factors of n(0)?
2, 3, 7
Let f(w) = -w**2 - 11*w + 282. List the prime factors of f(-19).
2, 5, 13
Suppose 6*v - 6 - 6 = 0. Suppose v*w + 4 = 3*y + 3, w - 5*y + 11 = 0. Suppose -h = w*h + 4*c - 127, c + 2 = 0. List the prime factors of h.
3
Let p = 87 + -83. Suppose p*y + 12 = 0, o + 2*y = 3*y + 154. What are the prime factors of o?
151
Let h(y) = 25*y**2 - 7*y + 2. Suppose 6*a - 14 = -a. What are the prime factors of h(a)?
2, 11
Let g(r) = 3*r**3 - 143*r**2 + 141*r - 92. What are the prime factors of g(47)?
29, 73
Let m(n) = 2*n**2 + 6*n + 7. Let t be m(-2). Suppose -3*h - 2*d = -d - 4, h = -d. Suppose h*c - 64 = -t*l + c, l - 18 = -c. List the prime factors of l.
23
Let h(k) = k**3 - k**2 - k + 8. Let n be h(0). Let j be 14/n - 1/(-4). Suppose 4 = -s, 5*z - j*s - 37 = -9. What are the prime factors of z?
2
Let i = 7 + -13. Let d = 3 - i. Suppose -4*r = -2*l + 6, 5*l - 14 = 2*r + d. What are the prime factors of l?
5
Let z = -11 - -38. Let n = z - 16. Let y = 27 - n. List the prime factors of y.